List the prime factors of m.
2, 101
Let v be 616/(-63) - (-2)/(-9). Let u be 5/(-20) - v/8. Suppose 2*l + 5*i + u = -0*i, -3*l = 5*i - 6. What are the prime factors of l?
7
Let m(p) = -19*p**3 + 68*p**2 + 29*p + 234. Let h(w) = 3*w**3 - 11*w**2 - 5*w - 39. Let c(y) = 13*h(y) + 2*m(y). List the prime factors of c(12).
3, 199
Let n(m) = 3*m + 52. Let d be ((-2)/5)/(4/120). Let u be n(d). Let h(i) = 2*i**2 - 21*i - 30. List the prime factors of h(u).
2, 73
Let w(s) = -s**2 + 6*s - 13. Let c be w(6). Let y(l) = -2*l**3 - 20*l**2 + 18*l + 9. Let b be y(c). Suppose 8*k - 5*k = b. What are the prime factors of k?
263
Suppose 14*h - 13*h + 3*l = -366, -3*l + 9 = 0. Let w = 674 + h. What are the prime factors of w?
13, 23
Let f be -3 - 4*1/(-2). Let d be 5*f/(5/175). Let b = 250 + d. List the prime factors of b.
3, 5
What are the prime factors of (-22742 + ((-6)/(-4))/(138/368))*-1?
2, 11369
Suppose 0*l = -3*l - 5*i - 25, 5*l + 48 = -2*i. List the prime factors of -1 - 4 - 5440/l.
7, 11
List the prime factors of (-1 - 6556/8)/((-264)/1232).
7, 547
Suppose 5*i + 61174 = 2*k, -15652 = -k - i + 14942. What are the prime factors of k?
2, 239
Let m = -829 - -483. Let y = m + 708. What are the prime factors of y?
2, 181
Suppose 16 = 11*q - 7*q + 4*v, 5*q - 4*v = 20. List the prime factors of (8/(-6))/(q*4/(-12408)).
2, 11, 47
Let s be (-11)/(2/4*(-1 - -2)). List the prime factors of 6226/4 + (495/s)/(-15).
2, 19, 41
Suppose 48665*n = 48657*n + 19128. What are the prime factors of n?
3, 797
Suppose 0 = -10*y + 31 - 1. Suppose 0 = -5*r - y*r. Suppose 3*z - 4*o - 269 = 0, r*o = 2*o - 2. What are the prime factors of z?
7, 13
Let k(f) be the second derivative of 3*f**4/4 - 5*f**3 + 13*f**2 - 175*f. What are the prime factors of k(9)?
5, 97
Suppose -29*f - 10242 = -20*f. Let j = f - -2130. List the prime factors of j.
2, 31
Let q = 50 + -48. Let c be q/(-7) - (-3 - (-12)/(-42)). Suppose 2*x = c*t + 5*x - 477, -3*t = -x - 477. What are the prime factors of t?
3, 53
Suppose -5*d + 2536 = 4*m, -3*m + 212*d = 207*d - 1937. What are the prime factors of m?
3, 71
What are the prime factors of 77898 - (29 + -21 + 8)?
2, 7, 5563
Let v(f) = -21*f + 883. What are the prime factors of v(11)?
2, 163
Let g(u) = -968*u - 5456. What are the prime factors of g(-34)?
2, 3, 11, 13
Let v = -5573 - -19568. List the prime factors of (v/(-30))/(6/(-8)).
2, 311
Suppose -49 + 1 = -4*m. Let o(f) = 774*f + 11 + 4*f**2 - 3*f**2 - 771*f. What are the prime factors of o(m)?
191
Suppose -622*q = -585*q - 464128. What are the prime factors of q?
2, 7
Suppose -65*s = -112*s + 229078. What are the prime factors of s?
2, 2437
Let f be (-2)/8 - 26/(-8). Suppose s - 12 = -3*x + 7*x, 3*s - f*x - 18 = 0. Suppose -s*l - 2*n = -l - 184, 2*n = -8. List the prime factors of l.
2
Suppose 8*m - 6*m - 2*r = 3238, 12 = 3*r. What are the prime factors of m?
3, 541
Suppose 3*u + 2*x + 0*x - 2207 = 0, -2221 = -3*u + 5*x. Let b = u - 522. List the prime factors of b.
5, 43
List the prime factors of -2 + 4111 + (-372)/186.
3, 37
Suppose -4*k + 213272 = 4*o, -43*o + 47*o + 2*k = 213256. What are the prime factors of o?
2, 3, 5, 1777
Suppose 2*i - 6 = 0, 5*g = 4*i + 39282 + 67251. What are the prime factors of g?
3, 7103
Let g be -5 + 7/(28/8) + -172. Let x = g + 334. List the prime factors of x.
3, 53
Let u(p) be the third derivative of -p**6/120 + 23*p**5/60 - 2*p**4/3 - 9*p**3/2 - 36*p**2. What are the prime factors of u(21)?
3, 173
Let o(v) = 2*v**3 - 20*v**2 + v + 28. What are the prime factors of o(19)?
5, 7, 11, 17
Let a(r) = -r**2 + 24*r + 55. Let x be a(26). Suppose -u + 52 + 21 = k, -k - x = 0. Suppose -v + 133 = u. What are the prime factors of v?
3, 19
What are the prime factors of 17/((-459)/45)*28926/(-5)?
2, 3, 1607
Let g(n) = -n**3 + 24*n**2 + 26*n - 22. Let i be g(25). Suppose 0 = -i*b - 4*z + 9*z + 1987, -15 = 3*z. List the prime factors of b.
2, 3, 109
Let i be (-76)/6*735/98. Let t = -39 - i. What are the prime factors of t?
2, 7
Suppose -3*x - 4 = -10, -2*x - 4 = -4*d. Let h = d + 82. List the prime factors of h.
2, 3, 7
Suppose -33*q + 35*q = -2*p + 30, -2*q = -4*p - 36. Suppose -24*h + 1280 = -q*h. What are the prime factors of h?
2, 5
Let c(l) = -l**2 + 56*l + 8. Let r be c(30). Let k = r - 155. What are the prime factors of k?
3, 211
Let t(f) = 5302*f - 177. What are the prime factors of t(1)?
5, 41
Let r(q) = 188*q**3 + q**2 - q + 1. Let i = -138 + 59. Let k = 80 + i. List the prime factors of r(k).
3, 7
What are the prime factors of 586544/64*216/63?
2, 3, 5237
Let m(d) = 1008*d**2 + 95*d + 399. List the prime factors of m(-4).
67, 241
Let i(w) = 9*w**2 - 3*w + 8. Let f be i(-4). Let h = -68 - -317. Let n = h - f. What are the prime factors of n?
5, 17
Let q = 815 + -448. Let n = q + -206. What are the prime factors of n?
7, 23
Let i(q) = -206*q + 2216. What are the prime factors of i(-20)?
2, 3, 11
Let f = -13223 + 40689. List the prime factors of f.
2, 31, 443
Let g be ((-3)/(-2))/(27432/(-9152) - -3). Let v = 805 - g. What are the prime factors of v?
233
Let d(l) = 78*l + 22. Let w(x) = -157*x - 42. Let g(m) = -7*d(m) - 3*w(m). List the prime factors of g(-3).
197
Let a(d) = -2*d**2 - 5*d - 4. Suppose -3*f = -f - p + 8, 0 = 2*f + 2*p - 4. Let q be a(f). List the prime factors of 226/4 + q/4.
2, 7
Suppose -19*t + 20*t = -34*t + 790055. What are the prime factors of t?
22573
Suppose -11*w + 124 - 322 = 0. List the prime factors of (-1940)/w + -10 + 368/36.
2, 3
Let f(k) = 5*k**2 + 10*k + 24. Let d be f(-28). Suppose 2300 = 14*v - d. What are the prime factors of v?
2, 3, 71
Suppose 5*c = 52*y - 48*y + 186543, 3*c - 111944 = 5*y. What are the prime factors of c?
7, 73
Let n(a) = a**2 - 7*a + 3. Let i be n(7). Suppose -2*q - i*r + 171 = 0, -4*r + 135 = 4*q - 217. Let d = q - 56. List the prime factors of d.
37
Let o(k) = -51*k - 135. Let s be o(-4). Suppose -s*j = -79*j + 9900. List the prime factors of j.
2, 3, 5, 11
Let f(g) be the third derivative of -3*g**5/40 - g**4/12 + 3*g**3/2 + 12*g**2. Let i(h) be the first derivative of f(h). List the prime factors of i(-4).
2, 17
Let k be 151/3*(-16 - -4). Let t = k - -426. Let j = -127 - t. List the prime factors of j.
3, 17
Let l(i) = 33*i + 2*i + 1 + 29*i - 7. Let x(v) = -v**2 - 8*v - 5. Let g be x(-7). What are the prime factors of l(g)?
2, 61
Suppose 90992 = 5*j - 20*r + 23*r, 0 = -4*j - r + 72788. What are the prime factors of j?
2, 4549
Suppose -13*h - 341831 = -819256. What are the prime factors of h?
5, 13, 113
Suppose -1135 = 5*n + 5*q, 3*q - 650 = 3*n + 31. Let f = 994 + n. What are the prime factors of f?
13, 59
Suppose -b - 12868 = 5*v, 5*v + 26*b + 12872 = 27*b. List the prime factors of v/(-10) - 6*7/(-70).
2, 3, 43
Let r(q) = -2*q**2 + 22*q - 23. Let x be r(9). Suppose x*w + 6 = 16*w. Suppose 3*i = -2*i + 5*s + 375, -5*i = w*s - 340. List the prime factors of i.
2, 5, 7
Let u(y) = 1044*y + 12739. What are the prime factors of u(66)?
19, 4297
What are the prime factors of -7 + 6 + 4 - (-4725 - 1)?
4729
Let r(x) = 4 + 27*x - 14 - 38*x. Let q be r(-5). Let z = q - 41. List the prime factors of z.
2
Let s be (-2 - (-51)/(-6))*4496/24. Let a = -1323 - s. What are the prime factors of a?
2, 7, 23
Suppose -6*d + 68 - 20 = 0. Suppose 20 + d = 7*u. Suppose 3*h = 4*w - 337, -u*h = -5*h - 3. What are the prime factors of w?
2, 41
Let a(b) = -b**2 + 10*b - 6. Let g be a(9). Let t(o) = 331*o - 100. What are the prime factors of t(g)?
19, 47
Suppose -82363 = -3*i - 4*h, 37009 = i + 5*h + 9573. List the prime factors of i.
7, 3923
What are the prime factors of (-1 + 1686)*(8 - 950)*4/(-120)?
157, 337
Let t(i) = 6*i**2 + 29*i + 21. Let s be -9*-6*6/(-36). List the prime factors of t(s).
2, 3, 41
Let o(u) be the third derivative of -53*u**4/12 + 2*u**2. Let w = -1093 + 1091. List the prime factors of o(w).
2, 53
List the prime factors of (((-6840)/(-75))/(-12))/((-1)/995).
2, 19, 199
Let m = -5625 + 17881. What are the prime factors of m?
2, 383
Suppose 5*h = 3*s + 147650, -5*h = s - 21013 - 126617. List the prime factors of h.
29527
Suppose -1163 = 13*z + 6013. What are the prime factors of 4/(-46) - 8328/z?
3, 5
Let d(g) = 1161*g**2 + 585*g + 2890. List the prime factors of d(-5).
2, 5, 13, 223
Let j = -1405 - -7717. List the prime factor